{"id":10,"date":"2018-08-26T12:00:35","date_gmt":"2018-08-26T11:00:35","guid":{"rendered":"http:\/\/chambresdhotes-aria-mezzana.fr\/?page_id=10"},"modified":"2018-08-27T10:05:31","modified_gmt":"2018-08-27T09:05:31","slug":"conca","status":"publish","type":"page","link":"https:\/\/chambresdhotes-aria-mezzana.fr\/?page_id=10","title":{"rendered":"Conca"},"content":{"rendered":"<figure id=\"attachment_369\" aria-describedby=\"caption-attachment-369\" style=\"width: 3980px\" class=\"wp-caption alignnone\"><img loading=\"lazy\" decoding=\"async\" class=\"wp-image-369 size-full\" title=\"Chambre Conca\" src=\"http:\/\/chambresdhotes-aria-mezzana.fr\/wp-content\/uploads\/2014\/10\/P1000388-e1515771024762.jpg\" alt=\"P1000388\" width=\"3980\" height=\"2450\" srcset=\"https:\/\/chambresdhotes-aria-mezzana.fr\/wp-content\/uploads\/2014\/10\/P1000388-e1515771024762.jpg 3980w, https:\/\/chambresdhotes-aria-mezzana.fr\/wp-content\/uploads\/2014\/10\/P1000388-e1515771024762-300x185.jpg 300w, https:\/\/chambresdhotes-aria-mezzana.fr\/wp-content\/uploads\/2014\/10\/P1000388-e1515771024762-1024x630.jpg 1024w, https:\/\/chambresdhotes-aria-mezzana.fr\/wp-content\/uploads\/2014\/10\/P1000388-e1515771024762-768x473.jpg 768w\" sizes=\"auto, (max-width: 3980px) 100vw, 3980px\" \/><figcaption id=\"caption-attachment-369\" class=\"wp-caption-text\">Chambre Conca<\/figcaption><\/figure>\n<p style=\"text-align: justify;\"><span style=\"color: #2b2b2b; font-size: 16px;\"><strong>S<\/strong>ur le th\u00e8me de la randonn\u00e9e, cette chambre de 20 m\u00b2 vous propose un lit de 160 x 200 , avec une t\u00e9l\u00e9vision \u00e9cran plat,\u00a0un acc\u00e8s internet,\u00a0une climatisation, une salle d&rsquo;eau et des toilettes s\u00e9par\u00e9es.<\/span><\/p>\n<p style=\"text-align: justify;\">Elle est expos\u00e9e plein sud avec\u00a0acc\u00e8s direct \u00e0 la terrasse et \u00e0 la piscine.<\/p>\n<figure id=\"attachment_370\" aria-describedby=\"caption-attachment-370\" style=\"width: 4000px\" class=\"wp-caption alignnone\"><a href=\"http:\/\/chambresdhotes-aria-mezzana.fr\/wp-content\/uploads\/2014\/10\/P1000395.jpg\"><img loading=\"lazy\" decoding=\"async\" class=\"wp-image-370 size-full\" title=\"Chambre Conca\" src=\"http:\/\/chambresdhotes-aria-mezzana.fr\/wp-content\/uploads\/2014\/10\/P1000395.jpg\" alt=\"P1000395\" width=\"4000\" height=\"3000\" srcset=\"https:\/\/chambresdhotes-aria-mezzana.fr\/wp-content\/uploads\/2014\/10\/P1000395.jpg 4000w, https:\/\/chambresdhotes-aria-mezzana.fr\/wp-content\/uploads\/2014\/10\/P1000395-300x225.jpg 300w, https:\/\/chambresdhotes-aria-mezzana.fr\/wp-content\/uploads\/2014\/10\/P1000395-1024x768.jpg 1024w\" sizes=\"auto, (max-width: 4000px) 100vw, 4000px\" \/><\/a><figcaption id=\"caption-attachment-370\" class=\"wp-caption-text\">Chambre Conca<\/figcaption><\/figure>\n<figure id=\"attachment_371\" aria-describedby=\"caption-attachment-371\" style=\"width: 4000px\" class=\"wp-caption alignnone\"><a href=\"http:\/\/chambresdhotes-aria-mezzana.fr\/wp-content\/uploads\/2014\/10\/P1000403.jpg\"><img loading=\"lazy\" decoding=\"async\" class=\"wp-image-371 size-full\" title=\"Salle d'eau Conca\" src=\"http:\/\/chambresdhotes-aria-mezzana.fr\/wp-content\/uploads\/2014\/10\/P1000403.jpg\" alt=\"P1000403\" width=\"4000\" height=\"3000\" srcset=\"https:\/\/chambresdhotes-aria-mezzana.fr\/wp-content\/uploads\/2014\/10\/P1000403.jpg 4000w, https:\/\/chambresdhotes-aria-mezzana.fr\/wp-content\/uploads\/2014\/10\/P1000403-300x225.jpg 300w, https:\/\/chambresdhotes-aria-mezzana.fr\/wp-content\/uploads\/2014\/10\/P1000403-1024x768.jpg 1024w\" sizes=\"auto, (max-width: 4000px) 100vw, 4000px\" \/><\/a><figcaption id=\"caption-attachment-371\" class=\"wp-caption-text\">Salle d&rsquo;eau Conca<\/figcaption><\/figure>\n<figure id=\"attachment_238\" aria-describedby=\"caption-attachment-238\" style=\"width: 1824px\" class=\"wp-caption alignnone\"><a href=\"http:\/\/chambresdhotes-aria-mezzana.fr\/wp-content\/uploads\/2014\/10\/IMG_4838.jpg\"><img loading=\"lazy\" decoding=\"async\" class=\"wp-image-238 size-full\" title=\"Vasque Conca\" src=\"http:\/\/chambresdhotes-aria-mezzana.fr\/wp-content\/uploads\/2014\/10\/IMG_4838.jpg\" alt=\"\" width=\"1824\" height=\"1368\" srcset=\"https:\/\/chambresdhotes-aria-mezzana.fr\/wp-content\/uploads\/2014\/10\/IMG_4838.jpg 1824w, https:\/\/chambresdhotes-aria-mezzana.fr\/wp-content\/uploads\/2014\/10\/IMG_4838-300x225.jpg 300w, https:\/\/chambresdhotes-aria-mezzana.fr\/wp-content\/uploads\/2014\/10\/IMG_4838-1024x768.jpg 1024w\" sizes=\"auto, (max-width: 1824px) 100vw, 1824px\" \/><\/a><figcaption id=\"caption-attachment-238\" class=\"wp-caption-text\">Vasque de la salle d&rsquo;eau Conca<\/figcaption><\/figure>\n","protected":false},"excerpt":{"rendered":"<p>Sur le th\u00e8me de la randonn\u00e9e, cette chambre de 20 m\u00b2 vous propose un lit de 160 x 200 , avec une t\u00e9l\u00e9vision \u00e9cran plat,\u00a0un acc\u00e8s internet,\u00a0une climatisation, une salle d&rsquo;eau et des toilettes s\u00e9par\u00e9es. Elle est expos\u00e9e plein sud avec\u00a0acc\u00e8s direct \u00e0 la terrasse et \u00e0 la piscine.<\/p>\n","protected":false},"author":1,"featured_media":0,"parent":0,"menu_order":0,"comment_status":"closed","ping_status":"closed","template":"","meta":{"_exactmetrics_skip_tracking":false,"_exactmetrics_sitenote_active":false,"_exactmetrics_sitenote_note":"","_exactmetrics_sitenote_category":0,"footnotes":""},"class_list":["post-10","page","type-page","status-publish","hentry"],"aioseo_notices":[],"_links":{"self":[{"href":"https:\/\/chambresdhotes-aria-mezzana.fr\/index.php?rest_route=\/wp\/v2\/pages\/10","targetHints":{"allow":["GET"]}}],"collection":[{"href":"https:\/\/chambresdhotes-aria-mezzana.fr\/index.php?rest_route=\/wp\/v2\/pages"}],"about":[{"href":"https:\/\/chambresdhotes-aria-mezzana.fr\/index.php?rest_route=\/wp\/v2\/types\/page"}],"author":[{"embeddable":true,"href":"https:\/\/chambresdhotes-aria-mezzana.fr\/index.php?rest_route=\/wp\/v2\/users\/1"}],"replies":[{"embeddable":true,"href":"https:\/\/chambresdhotes-aria-mezzana.fr\/index.php?rest_route=%2Fwp%2Fv2%2Fcomments&post=10"}],"version-history":[{"count":13,"href":"https:\/\/chambresdhotes-aria-mezzana.fr\/index.php?rest_route=\/wp\/v2\/pages\/10\/revisions"}],"predecessor-version":[{"id":625,"href":"https:\/\/chambresdhotes-aria-mezzana.fr\/index.php?rest_route=\/wp\/v2\/pages\/10\/revisions\/625"}],"wp:attachment":[{"href":"https:\/\/chambresdhotes-aria-mezzana.fr\/index.php?rest_route=%2Fwp%2Fv2%2Fmedia&parent=10"}],"curies":[{"name":"wp","href":"https:\/\/api.w.org\/{rel}","templated":true}]}}