{"id":15,"date":"2018-08-26T11:01:05","date_gmt":"2018-08-26T10:01:05","guid":{"rendered":"http:\/\/chambresdhotes-aria-mezzana.fr\/?page_id=15"},"modified":"2018-08-27T10:10:46","modified_gmt":"2018-08-27T09:10:46","slug":"bavella","status":"publish","type":"page","link":"https:\/\/chambresdhotes-aria-mezzana.fr\/?page_id=15","title":{"rendered":"Punta di l&rsquo;Ortu"},"content":{"rendered":"<figure id=\"attachment_353\" aria-describedby=\"caption-attachment-353\" style=\"width: 3487px\" class=\"wp-caption alignnone\"><img loading=\"lazy\" decoding=\"async\" class=\"wp-image-353 size-full\" title=\"Chambre Punta di l'Ortu\" src=\"http:\/\/chambresdhotes-aria-mezzana.fr\/wp-content\/uploads\/2017\/02\/P1000464-e1515771196253.jpg\" alt=\"P1000464\" width=\"3487\" height=\"1840\" srcset=\"https:\/\/chambresdhotes-aria-mezzana.fr\/wp-content\/uploads\/2017\/02\/P1000464-e1515771196253.jpg 3487w, https:\/\/chambresdhotes-aria-mezzana.fr\/wp-content\/uploads\/2017\/02\/P1000464-e1515771196253-300x158.jpg 300w, https:\/\/chambresdhotes-aria-mezzana.fr\/wp-content\/uploads\/2017\/02\/P1000464-e1515771196253-1024x540.jpg 1024w, https:\/\/chambresdhotes-aria-mezzana.fr\/wp-content\/uploads\/2017\/02\/P1000464-e1515771196253-768x405.jpg 768w\" sizes=\"auto, (max-width: 3487px) 100vw, 3487px\" \/><figcaption id=\"caption-attachment-353\" class=\"wp-caption-text\">Chambre Punta di l&rsquo;Ortu<\/figcaption><\/figure>\n<p style=\"text-align: justify;\"><strong>S<\/strong>ur le th\u00e8me de la montagne, cette\u00a0chambre\u00a0de 20 m\u00b2 vous propose un lit de 160 x 200, une t\u00e9l\u00e9vision \u00e9cran plat, un acc\u00e8s internet, une climatisation, une salle d&rsquo;eau et des toilettes s\u00e9par\u00e9es. Elle peut accueillir un lit d&rsquo;appoint pour une troisi\u00e8me personne.<\/p>\n<p style=\"text-align: justify;\">Elle est communicante avec la chambre Fautea et permet d&rsquo;acc\u00e9der \u00e0 une suite familiale.<\/p>\n<p style=\"text-align: justify;\">Elle est expos\u00e9e plein sud avec une vue mer et une vue sur la tour de Pinarellu.<\/p>\n<figure id=\"attachment_354\" aria-describedby=\"caption-attachment-354\" style=\"width: 4000px\" class=\"wp-caption alignnone\"><img loading=\"lazy\" decoding=\"async\" class=\"wp-image-354 size-full\" title=\"Chambre Punta di l'Ortu\" src=\"http:\/\/chambresdhotes-aria-mezzana.fr\/wp-content\/uploads\/2017\/02\/P1000470.jpg\" alt=\"P1000470\" width=\"4000\" height=\"3000\" srcset=\"https:\/\/chambresdhotes-aria-mezzana.fr\/wp-content\/uploads\/2017\/02\/P1000470.jpg 4000w, https:\/\/chambresdhotes-aria-mezzana.fr\/wp-content\/uploads\/2017\/02\/P1000470-300x225.jpg 300w, https:\/\/chambresdhotes-aria-mezzana.fr\/wp-content\/uploads\/2017\/02\/P1000470-1024x768.jpg 1024w\" sizes=\"auto, (max-width: 4000px) 100vw, 4000px\" \/><figcaption id=\"caption-attachment-354\" class=\"wp-caption-text\">Chambre Punta di l&rsquo;Ortu<\/figcaption><\/figure>\n<figure id=\"attachment_352\" aria-describedby=\"caption-attachment-352\" style=\"width: 4000px\" class=\"wp-caption alignnone\"><a href=\"http:\/\/chambresdhotes-aria-mezzana.fr\/wp-content\/uploads\/2017\/02\/P1000456.jpg\"><img loading=\"lazy\" decoding=\"async\" class=\"wp-image-352 size-full\" title=\"Salle d'eau Punta di l'Ortu\" src=\"http:\/\/chambresdhotes-aria-mezzana.fr\/wp-content\/uploads\/2017\/02\/P1000456.jpg\" alt=\"P1000456\" width=\"4000\" height=\"3000\" srcset=\"https:\/\/chambresdhotes-aria-mezzana.fr\/wp-content\/uploads\/2017\/02\/P1000456.jpg 4000w, https:\/\/chambresdhotes-aria-mezzana.fr\/wp-content\/uploads\/2017\/02\/P1000456-300x225.jpg 300w, https:\/\/chambresdhotes-aria-mezzana.fr\/wp-content\/uploads\/2017\/02\/P1000456-1024x768.jpg 1024w\" sizes=\"auto, (max-width: 4000px) 100vw, 4000px\" \/><\/a><figcaption id=\"caption-attachment-352\" class=\"wp-caption-text\">Salle d&rsquo;eau Punta di l&rsquo;Ortu<\/figcaption><\/figure>\n","protected":false},"excerpt":{"rendered":"<p>Sur le th\u00e8me de la montagne, cette\u00a0chambre\u00a0de 20 m\u00b2 vous propose un lit de 160 x 200, une t\u00e9l\u00e9vision \u00e9cran plat, un acc\u00e8s internet, une climatisation, une salle d&rsquo;eau et des toilettes s\u00e9par\u00e9es. Elle peut accueillir un lit d&rsquo;appoint pour une troisi\u00e8me personne. Elle est communicante avec la chambre Fautea et permet d&rsquo;acc\u00e9der \u00e0 une &hellip; <a href=\"https:\/\/chambresdhotes-aria-mezzana.fr\/?page_id=15\" class=\"more-link\">Continuer la lecture de <span class=\"screen-reader-text\">Punta di l&rsquo;Ortu<\/span>  <span class=\"meta-nav\">&rarr;<\/span><\/a><\/p>\n","protected":false},"author":1,"featured_media":0,"parent":0,"menu_order":0,"comment_status":"closed","ping_status":"closed","template":"","meta":{"_exactmetrics_skip_tracking":false,"_exactmetrics_sitenote_active":false,"_exactmetrics_sitenote_note":"","_exactmetrics_sitenote_category":0,"footnotes":""},"class_list":["post-15","page","type-page","status-publish","hentry"],"aioseo_notices":[],"_links":{"self":[{"href":"https:\/\/chambresdhotes-aria-mezzana.fr\/index.php?rest_route=\/wp\/v2\/pages\/15","targetHints":{"allow":["GET"]}}],"collection":[{"href":"https:\/\/chambresdhotes-aria-mezzana.fr\/index.php?rest_route=\/wp\/v2\/pages"}],"about":[{"href":"https:\/\/chambresdhotes-aria-mezzana.fr\/index.php?rest_route=\/wp\/v2\/types\/page"}],"author":[{"embeddable":true,"href":"https:\/\/chambresdhotes-aria-mezzana.fr\/index.php?rest_route=\/wp\/v2\/users\/1"}],"replies":[{"embeddable":true,"href":"https:\/\/chambresdhotes-aria-mezzana.fr\/index.php?rest_route=%2Fwp%2Fv2%2Fcomments&post=15"}],"version-history":[{"count":18,"href":"https:\/\/chambresdhotes-aria-mezzana.fr\/index.php?rest_route=\/wp\/v2\/pages\/15\/revisions"}],"predecessor-version":[{"id":622,"href":"https:\/\/chambresdhotes-aria-mezzana.fr\/index.php?rest_route=\/wp\/v2\/pages\/15\/revisions\/622"}],"wp:attachment":[{"href":"https:\/\/chambresdhotes-aria-mezzana.fr\/index.php?rest_route=%2Fwp%2Fv2%2Fmedia&parent=15"}],"curies":[{"name":"wp","href":"https:\/\/api.w.org\/{rel}","templated":true}]}}

<figure id="attachment_353" aria-describedby="caption-attachment-353" style="width: 3487px" class="wp-caption alignnone"><img loading="lazy" decoding="async" class="wp-image-353 size-full" title="Chambre Punta di l'Ortu" src="http://chambresdhotes-aria-mezzana.fr/wp-content/uploads/2017/02/P1000464-e1515771196253.jpg" alt="P1000464" width="3487" height="1840" srcset="https://chambresdhotes-aria-mezzana.fr/wp-content/uploads/2017/02/P1000464-e1515771196253.jpg 3487w, https://chambresdhotes-aria-mezzana.fr/wp-content/uploads/2017/02/P1000464-e1515771196253-300x158.jpg 300w, https://chambresdhotes-aria-mezzana.fr/wp-content/uploads/2017/02/P1000464-e1515771196253-1024x540.jpg 1024w, https://chambresdhotes-aria-mezzana.fr/wp-content/uploads/2017/02/P1000464-e1515771196253-768x405.jpg 768w" sizes="auto, (max-width: 3487px) 100vw, 3487px" /><figcaption id="caption-attachment-353" class="wp-caption-text">Chambre Punta di l&rsquo;Ortu</figcaption></figure>
<p style="text-align: justify;"><strong>S</strong>ur le thème de la montagne, cette chambre de 20 m² vous propose un lit de 160 x 200, une télévision écran plat, un accès internet, une climatisation, une salle d&rsquo;eau et des toilettes séparées. Elle peut accueillir un lit d&rsquo;appoint pour une troisième personne.</p>
<p style="text-align: justify;">Elle est communicante avec la chambre Fautea et permet d&rsquo;accéder à une suite familiale.</p>
<p style="text-align: justify;">Elle est exposée plein sud avec une vue mer et une vue sur la tour de Pinarellu.</p>
<figure id="attachment_354" aria-describedby="caption-attachment-354" style="width: 4000px" class="wp-caption alignnone"><img loading="lazy" decoding="async" class="wp-image-354 size-full" title="Chambre Punta di l'Ortu" src="http://chambresdhotes-aria-mezzana.fr/wp-content/uploads/2017/02/P1000470.jpg" alt="P1000470" width="4000" height="3000" srcset="https://chambresdhotes-aria-mezzana.fr/wp-content/uploads/2017/02/P1000470.jpg 4000w, https://chambresdhotes-aria-mezzana.fr/wp-content/uploads/2017/02/P1000470-300x225.jpg 300w, https://chambresdhotes-aria-mezzana.fr/wp-content/uploads/2017/02/P1000470-1024x768.jpg 1024w" sizes="auto, (max-width: 4000px) 100vw, 4000px" /><figcaption id="caption-attachment-354" class="wp-caption-text">Chambre Punta di l&rsquo;Ortu</figcaption></figure>
<figure id="attachment_352" aria-describedby="caption-attachment-352" style="width: 4000px" class="wp-caption alignnone"><a href="http://chambresdhotes-aria-mezzana.fr/wp-content/uploads/2017/02/P1000456.jpg"><img loading="lazy" decoding="async" class="wp-image-352 size-full" title="Salle d'eau Punta di l'Ortu" src="http://chambresdhotes-aria-mezzana.fr/wp-content/uploads/2017/02/P1000456.jpg" alt="P1000456" width="4000" height="3000" srcset="https://chambresdhotes-aria-mezzana.fr/wp-content/uploads/2017/02/P1000456.jpg 4000w, https://chambresdhotes-aria-mezzana.fr/wp-content/uploads/2017/02/P1000456-300x225.jpg 300w, https://chambresdhotes-aria-mezzana.fr/wp-content/uploads/2017/02/P1000456-1024x768.jpg 1024w" sizes="auto, (max-width: 4000px) 100vw, 4000px" /></a><figcaption id="caption-attachment-352" class="wp-caption-text">Salle d&rsquo;eau Punta di l&rsquo;Ortu</figcaption></figure>

<p>Sur le thème de la montagne, cette chambre de 20 m² vous propose un lit de 160 x 200, une télévision écran plat, un accès internet, une climatisation, une salle d&rsquo;eau et des toilettes séparées. Elle peut accueillir un lit d&rsquo;appoint pour une troisième personne. Elle est communicante avec la chambre Fautea et permet d&rsquo;accéder à une &hellip; <a href="https://chambresdhotes-aria-mezzana.fr/?page_id=15" class="more-link">Continuer la lecture de <span class="screen-reader-text">Punta di l&rsquo;Ortu</span>  <span class="meta-nav">&rarr;</span></a></p>
