{"id":33,"date":"2018-08-26T12:03:01","date_gmt":"2018-08-26T11:03:01","guid":{"rendered":"http:\/\/chambresdhotes-aria-mezzana.fr\/?page_id=33"},"modified":"2020-12-16T12:11:17","modified_gmt":"2020-12-16T11:11:17","slug":"les-exterieurs","status":"publish","type":"page","link":"https:\/\/chambresdhotes-aria-mezzana.fr\/?page_id=33","title":{"rendered":"EXT\u00c9RIEURS \/ Garden"},"content":{"rendered":"<p style=\"text-align: justify;\"><strong>L\u2019<\/strong> Aria Mezzana se situe dans un environnement calme et reposant. La propri\u00e9t\u00e9 s\u2019\u00e9tend sur 3000 m\u00b2 de maquis pr\u00e9serv\u00e9 avec ses esp\u00e8ces embl\u00e9matiques telles que la bruy\u00e8re arborescente, le myrte et l\u2019arbousier dont nous nous servons pour confectionner nos confitures.<\/p>\n<figure id=\"attachment_42\" aria-describedby=\"caption-attachment-42\" style=\"width: 3648px\" class=\"wp-caption alignnone\"><a href=\"http:\/\/chambresdhotes-aria-mezzana.fr\/wp-content\/uploads\/2014\/10\/2014-09-07-011.jpg\"><img loading=\"lazy\" decoding=\"async\" class=\"wp-image-42 size-full\" src=\"http:\/\/chambresdhotes-aria-mezzana.fr\/wp-content\/uploads\/2014\/10\/2014-09-07-011.jpg\" alt=\"2014-09-07-011.jpg\" width=\"3648\" height=\"2736\" srcset=\"https:\/\/chambresdhotes-aria-mezzana.fr\/wp-content\/uploads\/2014\/10\/2014-09-07-011.jpg 3648w, https:\/\/chambresdhotes-aria-mezzana.fr\/wp-content\/uploads\/2014\/10\/2014-09-07-011-300x225.jpg 300w, https:\/\/chambresdhotes-aria-mezzana.fr\/wp-content\/uploads\/2014\/10\/2014-09-07-011-1024x768.jpg 1024w\" sizes=\"auto, (max-width: 3648px) 100vw, 3648px\" \/><\/a><figcaption id=\"caption-attachment-42\" class=\"wp-caption-text\">Piscine de L&rsquo;Aria Mezzana<\/figcaption><\/figure>\n<p style=\"text-align: justify;\">Avec un espace d\u00e9di\u00e9 \u00e0 la maison d\u2019h\u00f4tes et un espace d\u00e9di\u00e9 \u00e0 notre habitation personnelle distants de quelques m\u00e8tres, nos h\u00f4tes se sentent ind\u00e9pendants tout en \u00e9tant proches de nous pour tout besoin.<\/p>\n<p style=\"text-align: justify;\">La piscine destin\u00e9e \u00e0 la partie maison h\u00f4tes est le lieu de d\u00e9tente par excellence. Elle mesure 9 m\u00e8tres de long par 4.5 m\u00e8tres de large.\u00a0 Elle est entour\u00e9e de 50 m\u00b2 de plage en bois exotique.<\/p>\n<figure id=\"attachment_638\" aria-describedby=\"caption-attachment-638\" style=\"width: 4000px\" class=\"wp-caption alignnone\"><a href=\"http:\/\/chambresdhotes-aria-mezzana.fr\/wp-content\/uploads\/2018\/02\/2016-07-01-002.jpg\"><img loading=\"lazy\" decoding=\"async\" class=\"wp-image-638 size-full\" src=\"http:\/\/chambresdhotes-aria-mezzana.fr\/wp-content\/uploads\/2018\/02\/2016-07-01-002.jpg\" alt=\"\" width=\"4000\" height=\"3000\" srcset=\"https:\/\/chambresdhotes-aria-mezzana.fr\/wp-content\/uploads\/2018\/02\/2016-07-01-002.jpg 4000w, https:\/\/chambresdhotes-aria-mezzana.fr\/wp-content\/uploads\/2018\/02\/2016-07-01-002-300x225.jpg 300w, https:\/\/chambresdhotes-aria-mezzana.fr\/wp-content\/uploads\/2018\/02\/2016-07-01-002-768x576.jpg 768w, https:\/\/chambresdhotes-aria-mezzana.fr\/wp-content\/uploads\/2018\/02\/2016-07-01-002-1024x768.jpg 1024w\" sizes=\"auto, (max-width: 4000px) 100vw, 4000px\" \/><\/a><figcaption id=\"caption-attachment-638\" class=\"wp-caption-text\">Piscine de L&rsquo;Aria Mezzana<\/figcaption><\/figure>\n<p>La piscine non chauff\u00e9e est ouverte du 15 mai au 15 octobre.<\/p>\n<p style=\"text-align: justify;\">Les 100 m\u00b2 de terrasses ext\u00e9rieures dont une partie est ombrag\u00e9e par la pergola offrent aussi des espaces de d\u00e9tente et de convivialit\u00e9 avec des salons de jardin et une tr\u00e8s belle vue sur la piscine et le maquis.<\/p>\n<figure id=\"attachment_641\" aria-describedby=\"caption-attachment-641\" style=\"width: 4000px\" class=\"wp-caption alignnone\"><a href=\"http:\/\/chambresdhotes-aria-mezzana.fr\/wp-content\/uploads\/2018\/02\/P1000425.jpg\"><img loading=\"lazy\" decoding=\"async\" class=\"wp-image-641 size-full\" src=\"http:\/\/chambresdhotes-aria-mezzana.fr\/wp-content\/uploads\/2018\/02\/P1000425.jpg\" alt=\"\" width=\"4000\" height=\"3000\" srcset=\"https:\/\/chambresdhotes-aria-mezzana.fr\/wp-content\/uploads\/2018\/02\/P1000425.jpg 4000w, https:\/\/chambresdhotes-aria-mezzana.fr\/wp-content\/uploads\/2018\/02\/P1000425-300x225.jpg 300w, https:\/\/chambresdhotes-aria-mezzana.fr\/wp-content\/uploads\/2018\/02\/P1000425-768x576.jpg 768w, https:\/\/chambresdhotes-aria-mezzana.fr\/wp-content\/uploads\/2018\/02\/P1000425-1024x768.jpg 1024w\" sizes=\"auto, (max-width: 4000px) 100vw, 4000px\" \/><\/a><figcaption id=\"caption-attachment-641\" class=\"wp-caption-text\">La pergola et les salons de jardin<\/figcaption><\/figure>\n<p style=\"text-align: justify;\">C\u2019est un lieu o\u00f9 il fait bon se retrouver ensemble d\u00e8s le matin pour prendre le petit-d\u00e9jeuner jusqu\u2019au soir pour y partager l\u2019ap\u00e9ritif. Il est aussi possible d\u2019y prendre ses repas sous forme de pique-nique.<\/p>\n<figure id=\"attachment_640\" aria-describedby=\"caption-attachment-640\" style=\"width: 4000px\" class=\"wp-caption alignnone\"><a href=\"http:\/\/chambresdhotes-aria-mezzana.fr\/wp-content\/uploads\/2018\/02\/P1000271.jpg\"><img loading=\"lazy\" decoding=\"async\" class=\"wp-image-640 size-full\" src=\"http:\/\/chambresdhotes-aria-mezzana.fr\/wp-content\/uploads\/2018\/02\/P1000271.jpg\" alt=\"\" width=\"4000\" height=\"3000\" srcset=\"https:\/\/chambresdhotes-aria-mezzana.fr\/wp-content\/uploads\/2018\/02\/P1000271.jpg 4000w, https:\/\/chambresdhotes-aria-mezzana.fr\/wp-content\/uploads\/2018\/02\/P1000271-300x225.jpg 300w, https:\/\/chambresdhotes-aria-mezzana.fr\/wp-content\/uploads\/2018\/02\/P1000271-768x576.jpg 768w, https:\/\/chambresdhotes-aria-mezzana.fr\/wp-content\/uploads\/2018\/02\/P1000271-1024x768.jpg 1024w\" sizes=\"auto, (max-width: 4000px) 100vw, 4000px\" \/><\/a><figcaption id=\"caption-attachment-640\" class=\"wp-caption-text\">La terrasse lieu de convivialit\u00e9<\/figcaption><\/figure>\n<p style=\"text-align: left;\">Un bassin d&rsquo;agr\u00e9ment se situe en contre-bas de la piscine. Papillons, libellules, h\u00e9rissons, grenouilles et poissons s&rsquo;y c\u00f4toient aux beaux jours pour notre plus grand plaisir.<\/p>\n<figure id=\"attachment_854\" aria-describedby=\"caption-attachment-854\" style=\"width: 492px\" class=\"wp-caption alignnone\"><img loading=\"lazy\" decoding=\"async\" class=\"wp-image-854\" style=\"font-weight: bold; background-color: transparent; color: #767676;\" src=\"http:\/\/chambresdhotes-aria-mezzana.fr\/wp-content\/uploads\/2020\/12\/IMG_20200521_182127-300x225.jpg\" alt=\"\" width=\"492\" height=\"369\" srcset=\"https:\/\/chambresdhotes-aria-mezzana.fr\/wp-content\/uploads\/2020\/12\/IMG_20200521_182127-300x225.jpg 300w, https:\/\/chambresdhotes-aria-mezzana.fr\/wp-content\/uploads\/2020\/12\/IMG_20200521_182127-768x576.jpg 768w, https:\/\/chambresdhotes-aria-mezzana.fr\/wp-content\/uploads\/2020\/12\/IMG_20200521_182127-1024x768.jpg 1024w\" sizes=\"auto, (max-width: 492px) 100vw, 492px\" \/><figcaption id=\"caption-attachment-854\" class=\"wp-caption-text\">Le bassin<\/figcaption><\/figure>\n<p><span style=\"color: #2b2b2b; font-size: 16px;\">Le parking ferm\u00e9 est pr\u00e9vu pour cinq voitures. Un abri permet \u00e9galement de garer\u00a0 les motos et les v\u00e9los en cas de besoin.<\/span><\/p>\n<figure id=\"attachment_642\" aria-describedby=\"caption-attachment-642\" style=\"width: 4000px\" class=\"wp-caption alignnone\"><a href=\"http:\/\/chambresdhotes-aria-mezzana.fr\/wp-content\/uploads\/2018\/02\/P1000296.jpg\"><img loading=\"lazy\" decoding=\"async\" class=\"wp-image-642 size-full\" src=\"http:\/\/chambresdhotes-aria-mezzana.fr\/wp-content\/uploads\/2018\/02\/P1000296.jpg\" alt=\"\" width=\"4000\" height=\"3000\" srcset=\"https:\/\/chambresdhotes-aria-mezzana.fr\/wp-content\/uploads\/2018\/02\/P1000296.jpg 4000w, https:\/\/chambresdhotes-aria-mezzana.fr\/wp-content\/uploads\/2018\/02\/P1000296-300x225.jpg 300w, https:\/\/chambresdhotes-aria-mezzana.fr\/wp-content\/uploads\/2018\/02\/P1000296-768x576.jpg 768w, https:\/\/chambresdhotes-aria-mezzana.fr\/wp-content\/uploads\/2018\/02\/P1000296-1024x768.jpg 1024w\" sizes=\"auto, (max-width: 4000px) 100vw, 4000px\" \/><\/a><figcaption id=\"caption-attachment-642\" class=\"wp-caption-text\">Le parking ferm\u00e9<\/figcaption><\/figure>\n","protected":false},"excerpt":{"rendered":"<p>L\u2019 Aria Mezzana se situe dans un environnement calme et reposant. La propri\u00e9t\u00e9 s\u2019\u00e9tend sur 3000 m\u00b2 de maquis pr\u00e9serv\u00e9 avec ses esp\u00e8ces embl\u00e9matiques telles que la bruy\u00e8re arborescente, le myrte et l\u2019arbousier dont nous nous servons pour confectionner nos confitures. Avec un espace d\u00e9di\u00e9 \u00e0 la maison d\u2019h\u00f4tes et un espace d\u00e9di\u00e9 \u00e0 notre &hellip; <a href=\"https:\/\/chambresdhotes-aria-mezzana.fr\/?page_id=33\" class=\"more-link\">Continuer la lecture de <span class=\"screen-reader-text\">EXT\u00c9RIEURS \/ Garden<\/span>  <span class=\"meta-nav\">&rarr;<\/span><\/a><\/p>\n","protected":false},"author":1,"featured_media":0,"parent":0,"menu_order":0,"comment_status":"closed","ping_status":"closed","template":"","meta":{"_exactmetrics_skip_tracking":false,"_exactmetrics_sitenote_active":false,"_exactmetrics_sitenote_note":"","_exactmetrics_sitenote_category":0,"footnotes":""},"class_list":["post-33","page","type-page","status-publish","hentry"],"aioseo_notices":[],"_links":{"self":[{"href":"https:\/\/chambresdhotes-aria-mezzana.fr\/index.php?rest_route=\/wp\/v2\/pages\/33","targetHints":{"allow":["GET"]}}],"collection":[{"href":"https:\/\/chambresdhotes-aria-mezzana.fr\/index.php?rest_route=\/wp\/v2\/pages"}],"about":[{"href":"https:\/\/chambresdhotes-aria-mezzana.fr\/index.php?rest_route=\/wp\/v2\/types\/page"}],"author":[{"embeddable":true,"href":"https:\/\/chambresdhotes-aria-mezzana.fr\/index.php?rest_route=\/wp\/v2\/users\/1"}],"replies":[{"embeddable":true,"href":"https:\/\/chambresdhotes-aria-mezzana.fr\/index.php?rest_route=%2Fwp%2Fv2%2Fcomments&post=33"}],"version-history":[{"count":29,"href":"https:\/\/chambresdhotes-aria-mezzana.fr\/index.php?rest_route=\/wp\/v2\/pages\/33\/revisions"}],"predecessor-version":[{"id":861,"href":"https:\/\/chambresdhotes-aria-mezzana.fr\/index.php?rest_route=\/wp\/v2\/pages\/33\/revisions\/861"}],"wp:attachment":[{"href":"https:\/\/chambresdhotes-aria-mezzana.fr\/index.php?rest_route=%2Fwp%2Fv2%2Fmedia&parent=33"}],"curies":[{"name":"wp","href":"https:\/\/api.w.org\/{rel}","templated":true}]}}