{"id":569,"date":"2018-08-26T16:08:23","date_gmt":"2018-08-26T15:08:23","guid":{"rendered":"http:\/\/chambresdhotes-aria-mezzana.fr\/?page_id=569"},"modified":"2018-08-27T10:10:24","modified_gmt":"2018-08-27T09:10:24","slug":"piece-de-vie","status":"publish","type":"page","link":"https:\/\/chambresdhotes-aria-mezzana.fr\/?page_id=569","title":{"rendered":"Pi\u00e8ce de vie"},"content":{"rendered":"<p style=\"text-align: justify;\"><strong>L<\/strong>a pi\u00e8ce de vie commune vous permet d&rsquo;utiliser notamment le r\u00e9frig\u00e9rateur\/cong\u00e9lateur, un micro-ondes, une bouilloire, une machine \u00e0 caf\u00e9 avec dosettes \u00e0 disposition.<\/p>\n<figure id=\"attachment_574\" aria-describedby=\"caption-attachment-574\" style=\"width: 4000px\" class=\"wp-caption alignnone\"><a href=\"http:\/\/chambresdhotes-aria-mezzana.fr\/wp-content\/uploads\/2017\/12\/Pi\u00e8ce-de-vie.jpg\"><img loading=\"lazy\" decoding=\"async\" class=\"wp-image-574 size-full\" src=\"http:\/\/chambresdhotes-aria-mezzana.fr\/wp-content\/uploads\/2017\/12\/Pi\u00e8ce-de-vie.jpg\" alt=\"\" width=\"4000\" height=\"3000\" srcset=\"https:\/\/chambresdhotes-aria-mezzana.fr\/wp-content\/uploads\/2017\/12\/Pi\u00e8ce-de-vie.jpg 4000w, https:\/\/chambresdhotes-aria-mezzana.fr\/wp-content\/uploads\/2017\/12\/Pi\u00e8ce-de-vie-300x225.jpg 300w, https:\/\/chambresdhotes-aria-mezzana.fr\/wp-content\/uploads\/2017\/12\/Pi\u00e8ce-de-vie-768x576.jpg 768w, https:\/\/chambresdhotes-aria-mezzana.fr\/wp-content\/uploads\/2017\/12\/Pi\u00e8ce-de-vie-1024x768.jpg 1024w\" sizes=\"auto, (max-width: 4000px) 100vw, 4000px\" \/><\/a><figcaption id=\"caption-attachment-574\" class=\"wp-caption-text\">Pi\u00e8ce de vie commune<\/figcaption><\/figure>\n<p><span style=\"color: #2b2b2b; font-size: 16px;\">Vous y trouverez \u00e9galement un espace biblioth\u00e8que ainsi que de la documentation touristique.<\/span><\/p>\n<figure id=\"attachment_576\" aria-describedby=\"caption-attachment-576\" style=\"width: 4000px\" class=\"wp-caption alignnone\"><a href=\"http:\/\/chambresdhotes-aria-mezzana.fr\/wp-content\/uploads\/2017\/12\/P1000420.jpg\"><img loading=\"lazy\" decoding=\"async\" class=\"wp-image-576 size-full\" src=\"http:\/\/chambresdhotes-aria-mezzana.fr\/wp-content\/uploads\/2017\/12\/P1000420.jpg\" alt=\"\" width=\"4000\" height=\"3000\" srcset=\"https:\/\/chambresdhotes-aria-mezzana.fr\/wp-content\/uploads\/2017\/12\/P1000420.jpg 4000w, https:\/\/chambresdhotes-aria-mezzana.fr\/wp-content\/uploads\/2017\/12\/P1000420-300x225.jpg 300w, https:\/\/chambresdhotes-aria-mezzana.fr\/wp-content\/uploads\/2017\/12\/P1000420-768x576.jpg 768w, https:\/\/chambresdhotes-aria-mezzana.fr\/wp-content\/uploads\/2017\/12\/P1000420-1024x768.jpg 1024w\" sizes=\"auto, (max-width: 4000px) 100vw, 4000px\" \/><\/a><figcaption id=\"caption-attachment-576\" class=\"wp-caption-text\">Espace biblioth\u00e8que et documentation touristique<\/figcaption><\/figure>\n<p>&nbsp;<\/p>\n","protected":false},"excerpt":{"rendered":"<p>La pi\u00e8ce de vie commune vous permet d&rsquo;utiliser notamment le r\u00e9frig\u00e9rateur\/cong\u00e9lateur, un micro-ondes, une bouilloire, une machine \u00e0 caf\u00e9 avec dosettes \u00e0 disposition. Vous y trouverez \u00e9galement un espace biblioth\u00e8que ainsi que de la documentation touristique. &nbsp;<\/p>\n","protected":false},"author":2,"featured_media":0,"parent":0,"menu_order":0,"comment_status":"closed","ping_status":"closed","template":"","meta":{"_exactmetrics_skip_tracking":false,"_exactmetrics_sitenote_active":false,"_exactmetrics_sitenote_note":"","_exactmetrics_sitenote_category":0,"footnotes":""},"class_list":["post-569","page","type-page","status-publish","hentry"],"aioseo_notices":[],"_links":{"self":[{"href":"https:\/\/chambresdhotes-aria-mezzana.fr\/index.php?rest_route=\/wp\/v2\/pages\/569","targetHints":{"allow":["GET"]}}],"collection":[{"href":"https:\/\/chambresdhotes-aria-mezzana.fr\/index.php?rest_route=\/wp\/v2\/pages"}],"about":[{"href":"https:\/\/chambresdhotes-aria-mezzana.fr\/index.php?rest_route=\/wp\/v2\/types\/page"}],"author":[{"embeddable":true,"href":"https:\/\/chambresdhotes-aria-mezzana.fr\/index.php?rest_route=\/wp\/v2\/users\/2"}],"replies":[{"embeddable":true,"href":"https:\/\/chambresdhotes-aria-mezzana.fr\/index.php?rest_route=%2Fwp%2Fv2%2Fcomments&post=569"}],"version-history":[{"count":6,"href":"https:\/\/chambresdhotes-aria-mezzana.fr\/index.php?rest_route=\/wp\/v2\/pages\/569\/revisions"}],"predecessor-version":[{"id":600,"href":"https:\/\/chambresdhotes-aria-mezzana.fr\/index.php?rest_route=\/wp\/v2\/pages\/569\/revisions\/600"}],"wp:attachment":[{"href":"https:\/\/chambresdhotes-aria-mezzana.fr\/index.php?rest_route=%2Fwp%2Fv2%2Fmedia&parent=569"}],"curies":[{"name":"wp","href":"https:\/\/api.w.org\/{rel}","templated":true}]}}